+ 15. List the prime factors of y.
5
Suppose -434 = -11*x + 8993. List the prime factors of x.
857
Let i(s) = 8*s**2 - 3*s - 3. Let f(w) = -w**3 - 4*w**2 - 5*w - 3. Let p be f(-3). List the prime factors of i(p).
2, 3, 5
Let s(b) = 17*b**2 - 16*b + 70. What are the prime factors of s(11)?
1951
Let t(k) = -3*k**3 - 23*k**2 - k - 11. List the prime factors of t(-9).
2, 7, 23
Suppose -53 + 7 = 2*s. Let x = 14 + s. List the prime factors of ((-14)/6)/(3/x).
7
Suppose 196 + 119 = 5*n + c, -n + c + 69 = 0. What are the prime factors of n?
2
Suppose -11*x - 4*n = -15*x + 8, n + 12 = -4*x. Let p(h) = -21*h**3 - 2*h**2 - 8*h - 4. What are the prime factors of p(x)?
2, 43
Let d(b) = 2*b**3 - 33*b**2 + 24*b - 11. Let u be (-147)/(-9) + 3/(-9). List the prime factors of d(u).
3, 13
Suppose 6*j - 167 = 1. Suppose -3*g = g - j. What are the prime factors of g?
7
Let d = 102 - 51. Let m be 1/((12/d)/4). Suppose -3*o = v + 1 - m, 0 = -v - 2*o + 17. What are the prime factors of v?
19
Suppose -15696 = 36*o - 42*o. List the prime factors of o.
2, 3, 109
Let l(h) = 46*h + 31. List the prime factors of l(28).
1319
Let z(d) = -300*d + 40. List the prime factors of z(-2).
2, 5
Let o = -177 - -303. Let p be -2 - ((-8162)/(-126) + (-4)/(-18)). Let m = o + p. List the prime factors of m.
59
Let c(a) = 32*a**2 + 2*a - 2. What are the prime factors of c(1)?
2
Suppose -5*s - 60 = -4*y, 0*s = -3*y - s + 45. Let a = y + -10. Suppose 4*z - 5 = -x + 8, -2*z + 1 = -a*x. List the prime factors of z.
3
Suppose -6 = 2*t - 3*t. Let p(y) = -y**2 + 12*y + 7. Let k be p(t). Suppose -133 + k = -3*m. List the prime factors of m.
2, 3, 5
Suppose 3*i + 12 = 2*i - 2*v, 3*i + 2*v + 16 = 0. Let y(a) = -21*a - 7. List the prime factors of y(i).
5, 7
Suppose -36 = -3*w - 0*w. Let m(c) = c**3 - 12*c**2 + 5. Let h be m(w). Suppose 6*g - 2*g + 6 = y, -h*y + 93 = g. What are the prime factors of y?
2, 3
Suppose 4*d - 4*p + 426 + 54 = 0, -2*d - 4*p - 252 = 0. Let y = d + 172. List the prime factors of y.
2, 5
Let p = -627 - -1280. List the prime factors of p.
653
Suppose 0 = -4*a + 27*a - 22724. List the prime factors of a.
2, 13, 19
Let a be (-11)/5 + 3 - (-84)/20. Suppose -4*t + 0*d + 415 = a*d, -2*t + 191 = -3*d. What are the prime factors of t?
2, 5
Let z = 61 - 58. Suppose 101 = t - z*f, -6*f = 4*t - 2*f - 420. What are the prime factors of t?
2, 13
Let u(m) be the second derivative of m**4/2 - 2*m**3/3 - 5*m**2/2 + 8*m. List the prime factors of u(-3).
61
Let a = -108 + 580. List the prime factors of a.
2, 59
Let w(o) = -o**3 + 13*o**2 - 11*o - 124. What are the prime factors of w(-11)?
3, 967
Suppose 0 = -5*k - n - 2*n - 21, -4*n = -3*k - 1. List the prime factors of k + (-8 - -4 - -23).
2
Suppose -29 = -5*b - 3*x + 1, b = -3*x + 6. Let u be (b/4)/(5/20). What are the prime factors of u*-10*(-4)/10?
2, 3
Suppose 4*y - 4*i = 12, -4*y + 2*i + 2 = -8. Let z be -1 - (1 - (7 - y)). Suppose 3*c - 12 = -z*n - 2*n, -n - 5*c = 2. List the prime factors of n.
3
Let y(b) be the second derivative of -2*b**3/3 - b**2 + 3*b. Let q be y(2). Let m = 24 + q. What are the prime factors of m?
2, 7
Let m(k) = -k**3 + 18*k**2 + 21*k - 17. Let i be m(19). Suppose 3*c - 30 = i. List the prime factors of c.
17
Let t(z) = 2606*z**2 - 8*z + 7. What are the prime factors of t(1)?
5, 521
Suppose -14*w + 542 - 24 = 0. List the prime factors of w.
37
Let g be -18 + -1 - (-1 - 2). Let a = -5 - g. List the prime factors of a.
11
Let n(b) = -7 - 3*b + 0*b + 4*b. Let k be -2*(-2)/6 + (-56)/(-6). List the prime factors of n(k).
3
Let a(b) = -49*b + 55. List the prime factors of a(-3).
2, 101
Let j(c) = 4*c**3 - c**2 + c - 1. Let a(f) = -f + 6. Let p be a(3). Let r be 2 + 2 - 9/p. What are the prime factors of j(r)?
3
Let h = -9 - -16. Suppose 0*r + h*r - 609 = 0. List the prime factors of r.
3, 29
Let p = 31 + -35. List the prime factors of (-5634)/(-117) - p/(-26).
2, 3
Suppose -2*k + 6*k - 1604 = -2*n, k - 799 = -n. List the prime factors of n.
2, 199
Suppose -4*v - 2*w = 40, 5*v - 4*w = 6 - 56. Let p be (-7)/(-2) - 5/v. Suppose -12 = -s - p. What are the prime factors of s?
2
Let j be 0 - ((-12)/4 + -55). Let t = j + -28. Let d = t - 11. List the prime factors of d.
19
Suppose 3*w - 14 - 1 = 0, 0 = 5*l + 5*w - 75. Let t = l - 3. Suppose 0 = -2*y + t + 15. List the prime factors of y.
11
Let v(m) = 32*m**3 + 3*m**2 - 5*m. What are the prime factors of v(2)?
2, 3, 43
Let t = 56 + 0. Let i = t - -11. What are the prime factors of i?
67
Let j = -6 - -7. Suppose -2 = 3*s + j. List the prime factors of (s/(-3) - -1)*21.
2, 7
Suppose 0 = -u - 6 + 5. Let v(i) = -265*i - 4. What are the prime factors of v(u)?
3, 29
Suppose -2*b + 0*b = -12. Suppose -z + 3*v + 53 = 0, z - 2*v - 49 = -v. Suppose b + z = d - 4*g, 5*d - 5*g - 220 = 0. List the prime factors of d.
41
Suppose -q + 3*h = -3 + 2, -3*q + 43 = h. Suppose -5*v + 195 = 5*y, q = -v - 5*y + 56. What are the prime factors of v?
2, 19
Suppose 5*v = -3*d - 662, d = -1 + 2. Let t = -39 - v. List the prime factors of t.
2, 47
Let x = 7741 + -4586. What are the prime factors of x?
5, 631
Suppose 3*m = -15, 3*p - 344 = 5*m + 824. List the prime factors of p.
3, 127
What are the prime factors of (225/10)/(22/(-4) - -6)?
3, 5
Let m(w) = -123*w**3 - 3*w - 5. List the prime factors of m(-2).
5, 197
Let l(h) = -82*h + 2. Let y be l(-2). Suppose 4*o + 2*z + 553 = -69, o + 4*z + y = 0. Let s = o - -217. List the prime factors of s.
3, 7
Let h(x) = -x + 5. Let f be h(3). Suppose -15 = f*s + 5. What are the prime factors of (-4)/s + 38/5?
2
Let u(g) = -2*g + 17. Let d be u(-14). Let r = 151 - d. List the prime factors of r.
2, 53
What are the prime factors of 0 + -3 + (940 - -59)?
2, 3, 83
Let k(o) = -84*o - 34. Let m(j) = 17*j + 7. Let w(i) = 3*k(i) + 14*m(i). Let x be w(-2). List the prime factors of x/(-12) - 24/(-2).
2, 5
What are the prime factors of (489/(-9))/((35/15)/(-7))?
163
Let m = 3438 + -821. What are the prime factors of m?
2617
Let d be -1 + (-11)/(-9) - (-2632)/63. Let p = -36 - -3. Let t = d + p. What are the prime factors of t?
3
Let v = 78 + 18. Suppose o = -o + v. Suppose o = 5*m - 67. What are the prime factors of m?
23
Suppose -25*u + 20*u = -15. Suppose u*m - 15 = r - 0, -4*m = r - 13. List the prime factors of m.
2
Suppose -4*j - 114 = -r, 0 = -2*r - 8*j + 12*j + 220. List the prime factors of r.
2, 53
Let s = 191 + -79. Suppose 6*y - 4*y = s. What are the prime factors of y?
2, 7
Suppose -229 = -5*d + 211. Suppose 3*j + j = d. List the prime factors of j.
2, 11
Let i = -90 + 21. Let t = i + 131. List the prime factors of t.
2, 31
Suppose -5*f - 4*t = -2284 - 581, -589 = -f - 4*t. What are the prime factors of f?
569
Let f(l) be the second derivative of l**4/3 - l**3/3 - l. Let h(b) = b**2 + 9*b - 159. Let x be h(9). What are the prime factors of f(x)?
2, 3, 5
Let n(p) = 19*p + 17. Let z(j) = 12*j - 12*j + 10*j + 10 - 1. Let r(h) = -3*n(h) + 5*z(h). What are the prime factors of r(-4)?
2, 11
Let n(h) = h**2 + 5*h + 4. Let x be n(-3). What are the prime factors of (x/3)/(16/(-744))?
31
Let c be 1*0/(-2 - -3). Suppose -6*n + 2*n + 2*a + 268 = c, -4*a = 4*n - 292. List the prime factors of n.
3, 23
Let p(x) = x**3 - 8*x**2 - 5*x - 21. Let g = -18 - -27. Let k be p(g). Let c(t) = -t**3 + 16*t**2 - 15*t + 4. List the prime factors of c(k).
2
Let u be 140 - (-1 - -3)/2*-3. Let s = u + -35. What are the prime factors of s?
2, 3
Let x = -59 + 66. Suppose -x*g + 789 + 205 = 0. List the prime factors of g.
2, 71
Let j be -4 - -6*(-2 - -4). Suppose 0 = 2*d - 6, 2*b - 127 - 18 = -d. Suppose -5*k + z = -b + j, -k - 3 = 5*z. What are the prime factors of k?
2, 3
Let r be ((-2)/10)/(20/(-300)). Suppose -2*p + 44 = -r*j, 3*p - 72 = 5*j - 2*j. List the prime factors of p.
2, 7
Suppose -2*q + 6389 = -21*d + 16*d, 0 = 3*q + 2*d - 9612. List the prime factors of q.
2, 1601
Suppose 4*m + 2369 = l + 5*m, 0 = -5*l - 3*m + 11851. List the prime factors of l.
2, 593
Let s(x) = x**3 - 5*x**2 - 5*x - 4. Let l be s(6). Suppose -4*z + 88 = -4*c, l*z = c + 2*c + 42. Suppose 4*y + z = 6*y. What are the prime factors of y?
2, 3
What are the prime factors of (1 - -3) + 1 - (-263 + -5)?
3, 7, 13
Let s = 50 + -26. Suppose -s*m = -15*m - 1422. List the prime factors of m.
2, 79
Let l = -243 + 2090.